{"id":819,"date":"2018-10-25T12:56:14","date_gmt":"2018-10-25T10:56:14","guid":{"rendered":"http:\/\/miyapura.de\/2018\/?page_id=819"},"modified":"2018-10-30T15:19:22","modified_gmt":"2018-10-30T14:19:22","slug":"entspannte-athmosphaere","status":"publish","type":"page","link":"https:\/\/miyapura.de\/?page_id=819","title":{"rendered":"Entspannte Athmosph\u00e4re"},"content":{"rendered":"<div class='clear'><\/div><div id='sub_menu1'  class='av-submenu-container av-jnohbtt4-c5e6b4dff4fcb8343d46c1071e0cbd7c main_color  avia-builder-el-0  el_before_av_section  avia-builder-el-first  av-sticky-submenu container_wrap sidebar_right' style='z-index:301' ><div class='container av-menu-mobile-disabled av-submenu-pos-center'><ul id=\"menu-leistungen\" class=\"av-subnav-menu\"><li role=\"menuitem\" id=\"menu-item-827\" class=\"menu-item menu-item-type-post_type menu-item-object-page menu-item-top-level menu-item-top-level-1\"><a href=\"https:\/\/miyapura.de\/?page_id=819\" itemprop=\"url\" tabindex=\"0\"><span class=\"avia-bullet\"><\/span><span class=\"avia-menu-text\">Entspannte Athmosph\u00e4re<\/span><span class=\"avia-menu-fx\"><span class=\"avia-arrow-wrap\"><span class=\"avia-arrow\"><\/span><\/span><\/span><\/a><\/li>\n<li role=\"menuitem\" id=\"menu-item-828\" class=\"menu-item menu-item-type-post_type menu-item-object-page menu-item-top-level menu-item-top-level-2\"><a href=\"https:\/\/miyapura.de\/?page_id=824\" itemprop=\"url\" tabindex=\"0\"><span class=\"avia-bullet\"><\/span><span class=\"avia-menu-text\">Wohlf\u00fchlprodukte<\/span><span class=\"avia-menu-fx\"><span class=\"avia-arrow-wrap\"><span class=\"avia-arrow\"><\/span><\/span><\/span><\/a><\/li>\n<li role=\"menuitem\" id=\"menu-item-840\" class=\"menu-item menu-item-type-post_type menu-item-object-page menu-item-top-level menu-item-top-level-3\"><a href=\"https:\/\/miyapura.de\/?page_id=832\" itemprop=\"url\" tabindex=\"0\"><span class=\"avia-bullet\"><\/span><span class=\"avia-menu-text\">Individuelle Fitness<\/span><span class=\"avia-menu-fx\"><span class=\"avia-arrow-wrap\"><span class=\"avia-arrow\"><\/span><\/span><\/span><\/a><\/li>\n<li role=\"menuitem\" id=\"menu-item-902\" class=\"menu-item menu-item-type-post_type menu-item-object-page menu-item-top-level menu-item-top-level-4\"><a href=\"https:\/\/miyapura.de\/?page_id=841\" itemprop=\"url\" tabindex=\"0\"><span class=\"avia-bullet\"><\/span><span class=\"avia-menu-text\">Physiotherapie<\/span><span class=\"avia-menu-fx\"><span class=\"avia-arrow-wrap\"><span class=\"avia-arrow\"><\/span><\/span><\/span><\/a><\/li>\n<\/ul><\/div><\/div><div class='sticky_placeholder'><\/div>\n\n<style type=\"text\/css\" data-created_by=\"avia_inline_auto\" id=\"style-css-av-7l4b7u-670efd03e196a0e86d6b3280fefbbaf2\">\n.avia-section.av-7l4b7u-670efd03e196a0e86d6b3280fefbbaf2{\nbackground-repeat:no-repeat;\nbackground-image:url(https:\/\/miyapura.de\/wp-content\/uploads\/2018\/10\/black.jpg);\nbackground-position:50% 50%;\nbackground-attachment:fixed;\n}\n<\/style>\n<div id='av_section_1'  class='avia-section av-7l4b7u-670efd03e196a0e86d6b3280fefbbaf2 alternate_color avia-section-huge avia-no-border-styling  avia-builder-el-1  el_after_av_submenu  avia-builder-el-last  avia-full-stretch avia-bg-style-fixed container_wrap sidebar_right'  data-section-bg-repeat='stretch'><div class='container av-section-cont-open' ><div class='template-page content  av-content-small alpha units'><div class='post-entry post-entry-type-page post-entry-819'><div class='entry-content-wrapper clearfix'>\n\n<style type=\"text\/css\" data-created_by=\"avia_inline_auto\" id=\"style-css-av-av_heading-483579bc160cc38ac65c3717246b4860\">\n#top .av-special-heading.av-av_heading-483579bc160cc38ac65c3717246b4860{\npadding-bottom:20px;\nfont-size:50px;\n}\nbody .av-special-heading.av-av_heading-483579bc160cc38ac65c3717246b4860 .av-special-heading-tag .heading-char{\nfont-size:25px;\n}\n#top #wrap_all .av-special-heading.av-av_heading-483579bc160cc38ac65c3717246b4860 .av-special-heading-tag{\nfont-size:50px;\n}\n.av-special-heading.av-av_heading-483579bc160cc38ac65c3717246b4860 .av-subheading{\nfont-size:15px;\n}\n\n@media only screen and (min-width: 480px) and (max-width: 767px){ \n#top #wrap_all .av-special-heading.av-av_heading-483579bc160cc38ac65c3717246b4860 .av-special-heading-tag{\nfont-size:0.8em;\n}\n}\n\n@media only screen and (max-width: 479px){ \n#top #wrap_all .av-special-heading.av-av_heading-483579bc160cc38ac65c3717246b4860 .av-special-heading-tag{\nfont-size:0.8em;\n}\n}\n<\/style>\n<div  class='av-special-heading av-av_heading-483579bc160cc38ac65c3717246b4860 av-special-heading-h1 blockquote modern-quote modern-centered  avia-builder-el-2  el_before_av_one_fifth  avia-builder-el-first  av-thin-font av-inherit-size'><h1 class='av-special-heading-tag'  itemprop=\"headline\"  >Entspannte Athmosph\u00e4re<strong>.<\/strong><\/h1><div class=\"special-heading-border\"><div class=\"special-heading-inner-border\"><\/div><\/div><\/div>\n\n<style type=\"text\/css\" data-created_by=\"avia_inline_auto\" id=\"style-css-av-790pw2-6dcf24c5d1f803afd3b32c2b303954bb\">\n.flex_column.av-790pw2-6dcf24c5d1f803afd3b32c2b303954bb{\n-webkit-border-radius:0px 0px 0px 0px;\n-moz-border-radius:0px 0px 0px 0px;\nborder-radius:0px 0px 0px 0px;\npadding:0px 0px 0px 0px;\n}\n<\/style>\n<div class='flex_column av-790pw2-6dcf24c5d1f803afd3b32c2b303954bb av_one_fifth  avia-builder-el-3  el_after_av_heading  el_before_av_three_fifth  first flex_column_div av-zero-column-padding '     ><\/div>\n<style type=\"text\/css\" data-created_by=\"avia_inline_auto\" id=\"style-css-av-6zpy6y-045c245782cfb1b77a3e93a1186777e8\">\n.flex_column.av-6zpy6y-045c245782cfb1b77a3e93a1186777e8{\n-webkit-border-radius:0px 0px 0px 0px;\n-moz-border-radius:0px 0px 0px 0px;\nborder-radius:0px 0px 0px 0px;\npadding:0px 0px 0px 0px;\n}\n<\/style>\n<div class='flex_column av-6zpy6y-045c245782cfb1b77a3e93a1186777e8 av_three_fifth  avia-builder-el-4  el_after_av_one_fifth  el_before_av_one_fifth  flex_column_div av-zero-column-padding '     ><section  class='av_textblock_section av-ojpiy-4bc0780917c67f0e9061f957101e71b8'  itemscope=\"itemscope\" itemtype=\"https:\/\/schema.org\/CreativeWork\" ><div class='avia_textblock'  itemprop=\"text\" ><p class=\"hh1\">Erleben Sie Fitness der Extraklasse. Neueste Technik und stilvolle Einrichtung vereint mit einer privaten Atmosph\u00e4re werden zu einem Erlebnis f\u00fcr K\u00f6rper und Seele. Nicht nur nach dem Training l\u00e4dt unser modern gestalteter Loungebereich zum Verweilen ein.<\/p>\n<p class=\"hh1\">Genie\u00dfen Sie k\u00fchle Getr\u00e4nke, unsere Kaffeespezialit\u00e4ten und kleine K\u00f6stlichkeiten. F\u00fchren Sie anregende Gespr\u00e4che mit Freunden in einer entspannten Atmosph\u00e4re in der miyapura physio &amp; lounge.<\/p>\n<\/div><\/section><\/div>\n<style type=\"text\/css\" data-created_by=\"avia_inline_auto\" id=\"style-css-av-6qfdfu-9c66f651d1a2b193b8ab482fa2098851\">\n.flex_column.av-6qfdfu-9c66f651d1a2b193b8ab482fa2098851{\n-webkit-border-radius:0px 0px 0px 0px;\n-moz-border-radius:0px 0px 0px 0px;\nborder-radius:0px 0px 0px 0px;\npadding:0px 0px 0px 0px;\n}\n<\/style>\n<div class='flex_column av-6qfdfu-9c66f651d1a2b193b8ab482fa2098851 av_one_fifth  avia-builder-el-6  el_after_av_three_fifth  el_before_av_masonry_gallery  avia-builder-el-last  flex_column_div av-zero-column-padding '     ><\/div><div id='av-masonry-1' class='av-masonry av-jnoh0zmo-d899fb48ff133eed478cdd72d722ae71 noHover av-flex-size av-large-gap av-hover-overlay- av-masonry-animation-active av-masonry-col-flexible av-caption-always av-caption-style- av-masonry-gallery '><div class=\"av-masonry-container isotope av-js-disabled\"><div class='av-masonry-entry isotope-item av-masonry-item-no-image '><\/div><a href=\"https:\/\/miyapura.de\/wp-content\/uploads\/2018\/10\/MP-2011-06-29-044-Kopie-1030x687.jpg\" data-srcset=\"https:\/\/miyapura.de\/wp-content\/uploads\/2018\/10\/MP-2011-06-29-044-Kopie-1030x687.jpg 1030w, https:\/\/miyapura.de\/wp-content\/uploads\/2018\/10\/MP-2011-06-29-044-Kopie-300x200.jpg 300w, https:\/\/miyapura.de\/wp-content\/uploads\/2018\/10\/MP-2011-06-29-044-Kopie-768x512.jpg 768w, https:\/\/miyapura.de\/wp-content\/uploads\/2018\/10\/MP-2011-06-29-044-Kopie-1500x1000.jpg 1500w, https:\/\/miyapura.de\/wp-content\/uploads\/2018\/10\/MP-2011-06-29-044-Kopie-705x470.jpg 705w, https:\/\/miyapura.de\/wp-content\/uploads\/2018\/10\/MP-2011-06-29-044-Kopie-450x300.jpg 450w, https:\/\/miyapura.de\/wp-content\/uploads\/2018\/10\/MP-2011-06-29-044-Kopie.jpg 1872w\" data-sizes=\"(max-width: 1030px) 100vw, 1030px\"  aria-label=\"Bild MP-2011-06-29-044 Kopie\"  id='av-masonry-1-item-912' data-av-masonry-item='912' class='av-masonry-entry isotope-item post-912 attachment type-attachment status-inherit hentry  av-masonry-item-with-image' title=\"MP-2011-06-29-044 Kopie\" alt=\"\"    itemprop=\"thumbnailUrl\" ><div class='av-inner-masonry-sizer'><\/div><figure class='av-inner-masonry main_color'><div class=\"av-masonry-outerimage-container\"><div class='av-masonry-image-container'   ><img width=\"705\" height=\"470\" class=\"wp-image-912 avia-img-lazy-loading-not-912\"  src=\"https:\/\/miyapura.de\/wp-content\/uploads\/2018\/10\/MP-2011-06-29-044-Kopie-705x470.jpg\" title=\"MP-2011-06-29-044 Kopie\" alt=\"\" srcset=\"https:\/\/miyapura.de\/wp-content\/uploads\/2018\/10\/MP-2011-06-29-044-Kopie-705x470.jpg 705w, https:\/\/miyapura.de\/wp-content\/uploads\/2018\/10\/MP-2011-06-29-044-Kopie-300x200.jpg 300w, https:\/\/miyapura.de\/wp-content\/uploads\/2018\/10\/MP-2011-06-29-044-Kopie-768x512.jpg 768w, https:\/\/miyapura.de\/wp-content\/uploads\/2018\/10\/MP-2011-06-29-044-Kopie-1030x687.jpg 1030w, https:\/\/miyapura.de\/wp-content\/uploads\/2018\/10\/MP-2011-06-29-044-Kopie-1500x1000.jpg 1500w, https:\/\/miyapura.de\/wp-content\/uploads\/2018\/10\/MP-2011-06-29-044-Kopie-450x300.jpg 450w, https:\/\/miyapura.de\/wp-content\/uploads\/2018\/10\/MP-2011-06-29-044-Kopie.jpg 1872w\" sizes=\"(max-width: 705px) 100vw, 705px\" \/><\/div><\/div><\/figure><\/a><!--end av-masonry entry--><a href=\"https:\/\/miyapura.de\/wp-content\/uploads\/2018\/10\/MP-2011-06-29-030-1030x687.jpg\" data-srcset=\"https:\/\/miyapura.de\/wp-content\/uploads\/2018\/10\/MP-2011-06-29-030-1030x687.jpg 1030w, https:\/\/miyapura.de\/wp-content\/uploads\/2018\/10\/MP-2011-06-29-030-300x200.jpg 300w, https:\/\/miyapura.de\/wp-content\/uploads\/2018\/10\/MP-2011-06-29-030-768x512.jpg 768w, https:\/\/miyapura.de\/wp-content\/uploads\/2018\/10\/MP-2011-06-29-030-1500x1000.jpg 1500w, https:\/\/miyapura.de\/wp-content\/uploads\/2018\/10\/MP-2011-06-29-030-705x470.jpg 705w, https:\/\/miyapura.de\/wp-content\/uploads\/2018\/10\/MP-2011-06-29-030-450x300.jpg 450w\" data-sizes=\"(max-width: 1030px) 100vw, 1030px\"  aria-label=\"Bild MP-2011-06-29-030\"  id='av-masonry-1-item-913' data-av-masonry-item='913' class='av-masonry-entry isotope-item post-913 attachment type-attachment status-inherit hentry  av-masonry-item-with-image' title=\"MP-2011-06-29-030\" alt=\"\"    itemprop=\"thumbnailUrl\" ><div class='av-inner-masonry-sizer'><\/div><figure class='av-inner-masonry main_color'><div class=\"av-masonry-outerimage-container\"><div class='av-masonry-image-container'   ><img width=\"705\" height=\"470\" class=\"wp-image-913 avia-img-lazy-loading-not-913\"  src=\"https:\/\/miyapura.de\/wp-content\/uploads\/2018\/10\/MP-2011-06-29-030-705x470.jpg\" title=\"MP-2011-06-29-030\" alt=\"\" srcset=\"https:\/\/miyapura.de\/wp-content\/uploads\/2018\/10\/MP-2011-06-29-030-705x470.jpg 705w, https:\/\/miyapura.de\/wp-content\/uploads\/2018\/10\/MP-2011-06-29-030-300x200.jpg 300w, https:\/\/miyapura.de\/wp-content\/uploads\/2018\/10\/MP-2011-06-29-030-768x512.jpg 768w, https:\/\/miyapura.de\/wp-content\/uploads\/2018\/10\/MP-2011-06-29-030-1030x687.jpg 1030w, https:\/\/miyapura.de\/wp-content\/uploads\/2018\/10\/MP-2011-06-29-030-1500x1000.jpg 1500w, https:\/\/miyapura.de\/wp-content\/uploads\/2018\/10\/MP-2011-06-29-030-450x300.jpg 450w\" sizes=\"(max-width: 705px) 100vw, 705px\" \/><\/div><\/div><\/figure><\/a><!--end av-masonry entry--><a href=\"https:\/\/miyapura.de\/wp-content\/uploads\/2018\/10\/MP-2011-06-29-039-Kopie-1030x687.jpg\" data-srcset=\"https:\/\/miyapura.de\/wp-content\/uploads\/2018\/10\/MP-2011-06-29-039-Kopie-1030x687.jpg 1030w, https:\/\/miyapura.de\/wp-content\/uploads\/2018\/10\/MP-2011-06-29-039-Kopie-300x200.jpg 300w, https:\/\/miyapura.de\/wp-content\/uploads\/2018\/10\/MP-2011-06-29-039-Kopie-768x512.jpg 768w, https:\/\/miyapura.de\/wp-content\/uploads\/2018\/10\/MP-2011-06-29-039-Kopie-1500x1000.jpg 1500w, https:\/\/miyapura.de\/wp-content\/uploads\/2018\/10\/MP-2011-06-29-039-Kopie-705x470.jpg 705w, https:\/\/miyapura.de\/wp-content\/uploads\/2018\/10\/MP-2011-06-29-039-Kopie-450x300.jpg 450w, https:\/\/miyapura.de\/wp-content\/uploads\/2018\/10\/MP-2011-06-29-039-Kopie.jpg 1872w\" data-sizes=\"(max-width: 1030px) 100vw, 1030px\"  aria-label=\"Bild MP-2011-06-29-039 Kopie\"  id='av-masonry-1-item-910' data-av-masonry-item='910' class='av-masonry-entry isotope-item post-910 attachment type-attachment status-inherit hentry  av-masonry-item-with-image' title=\"MP-2011-06-29-039 Kopie\" alt=\"\"    itemprop=\"thumbnailUrl\" ><div class='av-inner-masonry-sizer'><\/div><figure class='av-inner-masonry main_color'><div class=\"av-masonry-outerimage-container\"><div class='av-masonry-image-container'   ><img width=\"705\" height=\"470\" class=\"wp-image-910 avia-img-lazy-loading-not-910\"  src=\"https:\/\/miyapura.de\/wp-content\/uploads\/2018\/10\/MP-2011-06-29-039-Kopie-705x470.jpg\" title=\"MP-2011-06-29-039 Kopie\" alt=\"\" srcset=\"https:\/\/miyapura.de\/wp-content\/uploads\/2018\/10\/MP-2011-06-29-039-Kopie-705x470.jpg 705w, https:\/\/miyapura.de\/wp-content\/uploads\/2018\/10\/MP-2011-06-29-039-Kopie-300x200.jpg 300w, https:\/\/miyapura.de\/wp-content\/uploads\/2018\/10\/MP-2011-06-29-039-Kopie-768x512.jpg 768w, https:\/\/miyapura.de\/wp-content\/uploads\/2018\/10\/MP-2011-06-29-039-Kopie-1030x687.jpg 1030w, https:\/\/miyapura.de\/wp-content\/uploads\/2018\/10\/MP-2011-06-29-039-Kopie-1500x1000.jpg 1500w, https:\/\/miyapura.de\/wp-content\/uploads\/2018\/10\/MP-2011-06-29-039-Kopie-450x300.jpg 450w, https:\/\/miyapura.de\/wp-content\/uploads\/2018\/10\/MP-2011-06-29-039-Kopie.jpg 1872w\" sizes=\"(max-width: 705px) 100vw, 705px\" \/><\/div><\/div><\/figure><\/a><!--end av-masonry entry--><a href=\"https:\/\/miyapura.de\/wp-content\/uploads\/2018\/10\/MP-2011-06-29-015-1030x687.jpg\" data-srcset=\"https:\/\/miyapura.de\/wp-content\/uploads\/2018\/10\/MP-2011-06-29-015-1030x687.jpg 1030w, https:\/\/miyapura.de\/wp-content\/uploads\/2018\/10\/MP-2011-06-29-015-300x200.jpg 300w, https:\/\/miyapura.de\/wp-content\/uploads\/2018\/10\/MP-2011-06-29-015-768x512.jpg 768w, https:\/\/miyapura.de\/wp-content\/uploads\/2018\/10\/MP-2011-06-29-015-1500x1000.jpg 1500w, https:\/\/miyapura.de\/wp-content\/uploads\/2018\/10\/MP-2011-06-29-015-705x470.jpg 705w, https:\/\/miyapura.de\/wp-content\/uploads\/2018\/10\/MP-2011-06-29-015-450x300.jpg 450w, https:\/\/miyapura.de\/wp-content\/uploads\/2018\/10\/MP-2011-06-29-015.jpg 1920w\" data-sizes=\"(max-width: 1030px) 100vw, 1030px\"  aria-label=\"Bild MP-2011-06-29-015\"  id='av-masonry-1-item-17' data-av-masonry-item='17' class='av-masonry-entry isotope-item post-17 attachment type-attachment status-inherit hentry  av-masonry-item-with-image' title=\"MP-2011-06-29-015\" alt=\"\"    itemprop=\"thumbnailUrl\" ><div class='av-inner-masonry-sizer'><\/div><figure class='av-inner-masonry main_color'><div class=\"av-masonry-outerimage-container\"><div class='av-masonry-image-container'   ><img width=\"705\" height=\"470\" class=\"wp-image-17 avia-img-lazy-loading-not-17\"  src=\"https:\/\/miyapura.de\/wp-content\/uploads\/2018\/10\/MP-2011-06-29-015-705x470.jpg\" title=\"MP-2011-06-29-015\" alt=\"\" srcset=\"https:\/\/miyapura.de\/wp-content\/uploads\/2018\/10\/MP-2011-06-29-015-705x470.jpg 705w, https:\/\/miyapura.de\/wp-content\/uploads\/2018\/10\/MP-2011-06-29-015-300x200.jpg 300w, https:\/\/miyapura.de\/wp-content\/uploads\/2018\/10\/MP-2011-06-29-015-768x512.jpg 768w, https:\/\/miyapura.de\/wp-content\/uploads\/2018\/10\/MP-2011-06-29-015-1030x687.jpg 1030w, https:\/\/miyapura.de\/wp-content\/uploads\/2018\/10\/MP-2011-06-29-015-1500x1000.jpg 1500w, https:\/\/miyapura.de\/wp-content\/uploads\/2018\/10\/MP-2011-06-29-015-450x300.jpg 450w, https:\/\/miyapura.de\/wp-content\/uploads\/2018\/10\/MP-2011-06-29-015.jpg 1920w\" sizes=\"(max-width: 705px) 100vw, 705px\" \/><\/div><\/div><\/figure><\/a><!--end av-masonry entry--><a href=\"https:\/\/miyapura.de\/wp-content\/uploads\/2018\/10\/MP-2011-06-29-037-1030x687.jpg\" data-srcset=\"https:\/\/miyapura.de\/wp-content\/uploads\/2018\/10\/MP-2011-06-29-037-1030x687.jpg 1030w, https:\/\/miyapura.de\/wp-content\/uploads\/2018\/10\/MP-2011-06-29-037-300x200.jpg 300w, https:\/\/miyapura.de\/wp-content\/uploads\/2018\/10\/MP-2011-06-29-037-768x512.jpg 768w, https:\/\/miyapura.de\/wp-content\/uploads\/2018\/10\/MP-2011-06-29-037-1500x1000.jpg 1500w, https:\/\/miyapura.de\/wp-content\/uploads\/2018\/10\/MP-2011-06-29-037-705x470.jpg 705w, https:\/\/miyapura.de\/wp-content\/uploads\/2018\/10\/MP-2011-06-29-037-450x300.jpg 450w, https:\/\/miyapura.de\/wp-content\/uploads\/2018\/10\/MP-2011-06-29-037.jpg 1920w\" data-sizes=\"(max-width: 1030px) 100vw, 1030px\"  aria-label=\"Bild MP-2011-06-29-037\"  id='av-masonry-1-item-15' data-av-masonry-item='15' class='av-masonry-entry isotope-item post-15 attachment type-attachment status-inherit hentry  av-masonry-item-with-image' title=\"MP-2011-06-29-037\" alt=\"\"    itemprop=\"thumbnailUrl\" ><div class='av-inner-masonry-sizer'><\/div><figure class='av-inner-masonry main_color'><div class=\"av-masonry-outerimage-container\"><div class='av-masonry-image-container'   ><img width=\"705\" height=\"470\" class=\"wp-image-15 avia-img-lazy-loading-not-15\"  src=\"https:\/\/miyapura.de\/wp-content\/uploads\/2018\/10\/MP-2011-06-29-037-705x470.jpg\" title=\"MP-2011-06-29-037\" alt=\"\" srcset=\"https:\/\/miyapura.de\/wp-content\/uploads\/2018\/10\/MP-2011-06-29-037-705x470.jpg 705w, https:\/\/miyapura.de\/wp-content\/uploads\/2018\/10\/MP-2011-06-29-037-300x200.jpg 300w, https:\/\/miyapura.de\/wp-content\/uploads\/2018\/10\/MP-2011-06-29-037-768x512.jpg 768w, https:\/\/miyapura.de\/wp-content\/uploads\/2018\/10\/MP-2011-06-29-037-1030x687.jpg 1030w, https:\/\/miyapura.de\/wp-content\/uploads\/2018\/10\/MP-2011-06-29-037-1500x1000.jpg 1500w, https:\/\/miyapura.de\/wp-content\/uploads\/2018\/10\/MP-2011-06-29-037-450x300.jpg 450w, https:\/\/miyapura.de\/wp-content\/uploads\/2018\/10\/MP-2011-06-29-037.jpg 1920w\" sizes=\"(max-width: 705px) 100vw, 705px\" \/><\/div><\/div><\/figure><\/a><!--end av-masonry entry--><\/div><\/div>\n<\/div><\/div><\/div><!-- close content main div --><\/div><\/div><div id='after_section_1'  class='main_color av_default_container_wrap container_wrap sidebar_right'  ><div class='container av-section-cont-open' ><div class='template-page content  av-content-small alpha units'><div class='post-entry post-entry-type-page post-entry-819'><div class='entry-content-wrapper clearfix'>\n","protected":false},"excerpt":{"rendered":"","protected":false},"author":1,"featured_media":0,"parent":834,"menu_order":0,"comment_status":"closed","ping_status":"closed","template":"","meta":[],"_links":{"self":[{"href":"https:\/\/miyapura.de\/index.php?rest_route=\/wp\/v2\/pages\/819"}],"collection":[{"href":"https:\/\/miyapura.de\/index.php?rest_route=\/wp\/v2\/pages"}],"about":[{"href":"https:\/\/miyapura.de\/index.php?rest_route=\/wp\/v2\/types\/page"}],"author":[{"embeddable":true,"href":"https:\/\/miyapura.de\/index.php?rest_route=\/wp\/v2\/users\/1"}],"replies":[{"embeddable":true,"href":"https:\/\/miyapura.de\/index.php?rest_route=%2Fwp%2Fv2%2Fcomments&post=819"}],"version-history":[{"count":9,"href":"https:\/\/miyapura.de\/index.php?rest_route=\/wp\/v2\/pages\/819\/revisions"}],"predecessor-version":[{"id":916,"href":"https:\/\/miyapura.de\/index.php?rest_route=\/wp\/v2\/pages\/819\/revisions\/916"}],"up":[{"embeddable":true,"href":"https:\/\/miyapura.de\/index.php?rest_route=\/wp\/v2\/pages\/834"}],"wp:attachment":[{"href":"https:\/\/miyapura.de\/index.php?rest_route=%2Fwp%2Fv2%2Fmedia&parent=819"}],"curies":[{"name":"wp","href":"https:\/\/api.w.org\/{rel}","templated":true}]}}